{"id":10,"date":"2023-05-16T19:45:22","date_gmt":"2023-05-16T19:45:22","guid":{"rendered":"https:\/\/sv-zeutern.dtspace.de\/wordpress\/?page_id=10"},"modified":"2023-11-19T13:39:23","modified_gmt":"2023-11-19T12:39:23","slug":"ah","status":"publish","type":"page","link":"https:\/\/sv-zeutern.de\/wordpress\/index.php\/ah\/","title":{"rendered":"AH"},"content":{"rendered":"\n<h2 class=\"wp-block-heading\">Allgemeine Infos zur AH, Trainingszeiten und Ansprechpartner<\/h2>\n\n\n\n<p>Die AH-Abteilung des SV Zeutern besteht aus zwei Bereichen. Eine \u201ej\u00fcngere\u201c und eine \u201e\u00e4ltere\u201c AH.<\/p>\n\n\n\n<p><\/p>\n\n\n\n<p>Die \u00e4lteren AH-Mitglieder trainieren ganzj\u00e4hrig in der Halle. Es wird hier Fu\u00dfballtennis \u00fcber das Netz gespielt. Trainingszeit ist donnerstags 19.00 Uhr-20.30 Uhr.<\/p>\n\n\n\n<p>Die noch j\u00fcngeren AH-Mitglieder trainieren im Sommer auf dem Platz. Es besteht eine Kooperation mit der AH-Abteilung des FC Weiher, sodass zuverl\u00e4ssig eine Durchf\u00fchrung des Trainings gew\u00e4hrleistet ist. Trainingszeit ist mittwochs 19.30-21.00 Uhr. Der Trainingsort (Rasenplatz Zeutern oder Rasenplatz Weiher) wechselt w\u00f6chentlich.<\/p>\n\n\n\n<p>Im Winter erfolgt das Training in der Halle in Zeutern.<\/p>\n\n\n\n<p>Trainingszeit hier ist donnerstags 20.30-22.00 Uhr.<\/p>\n\n\n\n<p>Ausfl\u00fcge und Feste werden von \u201eJung\u201c und \u201eAlt\u201c nat\u00fcrlich gemeinsam durchgef\u00fchrt .<\/p>\n\n\n\n<p>Ansprechpartner f\u00fcr Fragen:<\/p>\n\n\n\n<p>Jens Simon: <a href=\"mailto:7simon@web.de\">7simon@web.de<\/a><\/p>\n\n\n\n<p>Frank Schwarz:&nbsp; <a href=\"mailto:black@bubenski.de\">black@bubenski.de<\/a><\/p>\n\n\n<ul class=\"wp-block-latest-posts__list wp-block-latest-posts\"><li><a class=\"wp-block-latest-posts__post-title\" href=\"https:\/\/sv-zeutern.de\/wordpress\/index.php\/2025\/12\/10\/die-ah-mannschaft-des-sv-zeutern-blickt-auf-einen-gelungenen-ausflug-zurueck-der-einen-schoenen-abschluss-eines-erfolgreichen-jahres-bildete-vor-dem-gemeinsamen-ausflug-nutzte-der-vereinsvorstand-di\/\">Die AH-Mannschaft des SV Zeutern blickt auf einen gelungenen Ausflug zur\u00fcck, der einen sch\u00f6nen Abschluss eines erfolgreichen Jahres bildete. Vor dem gemeinsamen Ausflug nutzte der Vereinsvorstand die Gelegenheit, sich bei der gesamten AH-Mannschaft f\u00fcr die hervorragende Unterst\u00fctzung im vergangenen Jahr zu bedanken. Diese Wertsch\u00e4tzung unterstreicht die wichtige Rolle, die die Altherrenabteilung im Vereinsleben des SV Zeutern spielt. Der Ausflug selbst f\u00fchrte die Mannschaft auf eine Wanderung durch die malerischen Hohlwege der Region. Trotz anf\u00e4nglicher Wetterbedenken zeigte sich das Wetter von seiner freundlichen Seite und hielt den gr\u00f6\u00dften Teil des Tages \u00fcber. Lediglich auf dem R\u00fcckweg mussten die Teilnehmer einige Regentropfen in Kauf nehmen, was der guten Stimmung jedoch keinen Abbruch tat. Besonders erfreulich war die Beteiligung \u00e4lterer Vereinsmitglieder, die dem Ausflug beiwohnten und zum geselligen Miteinander beitrugen. Dass sie zum Zeitpunkt des Erinnerungsfotos bereits auf dem Heimweg waren, schm\u00e4lert ihre Teilnahme in keiner Weise. Ein herzlicher Dank gilt den Organisatoren Martin, Jens und Jule, die mit ihrer Planung einen reibungslosen Ablauf erm\u00f6glichten. Ebenso geb\u00fchrt Christian und Leon Anerkennung f\u00fcr ihre Grillk\u00fcnste, die f\u00fcr das leibliche Wohl der Mannschaft sorgten. Der Ausflug war einmal mehr Beweis f\u00fcr den starken Zusammenhalt innerhalb der AH-Mannschaft des SV Zeutern.<\/a><div class=\"wp-block-latest-posts__post-excerpt\"><\/div><\/li>\n<\/ul>","protected":false},"excerpt":{"rendered":"<p>Allgemeine Infos zur AH, Trainingszeiten und Ansprechpartner Die AH-Abteilung des SV Zeutern besteht aus zwei Bereichen. Eine \u201ej\u00fcngere\u201c und eine \u201e\u00e4ltere\u201c AH. Die \u00e4lteren AH-Mitglieder trainieren ganzj\u00e4hrig in der Halle. Es wird hier Fu\u00dfballtennis \u00fcber das Netz gespielt. Trainingszeit ist donnerstags 19.00 Uhr-20.30 Uhr. Die noch j\u00fcngeren AH-Mitglieder trainieren im Sommer auf dem Platz. Es &hellip; <\/p>\n","protected":false},"author":1,"featured_media":0,"parent":0,"menu_order":0,"comment_status":"closed","ping_status":"closed","template":"","meta":{"footnotes":""},"class_list":["post-10","page","type-page","status-publish","hentry"],"_links":{"self":[{"href":"https:\/\/sv-zeutern.de\/wordpress\/index.php\/wp-json\/wp\/v2\/pages\/10"}],"collection":[{"href":"https:\/\/sv-zeutern.de\/wordpress\/index.php\/wp-json\/wp\/v2\/pages"}],"about":[{"href":"https:\/\/sv-zeutern.de\/wordpress\/index.php\/wp-json\/wp\/v2\/types\/page"}],"author":[{"embeddable":true,"href":"https:\/\/sv-zeutern.de\/wordpress\/index.php\/wp-json\/wp\/v2\/users\/1"}],"replies":[{"embeddable":true,"href":"https:\/\/sv-zeutern.de\/wordpress\/index.php\/wp-json\/wp\/v2\/comments?post=10"}],"version-history":[{"count":4,"href":"https:\/\/sv-zeutern.de\/wordpress\/index.php\/wp-json\/wp\/v2\/pages\/10\/revisions"}],"predecessor-version":[{"id":715,"href":"https:\/\/sv-zeutern.de\/wordpress\/index.php\/wp-json\/wp\/v2\/pages\/10\/revisions\/715"}],"wp:attachment":[{"href":"https:\/\/sv-zeutern.de\/wordpress\/index.php\/wp-json\/wp\/v2\/media?parent=10"}],"curies":[{"name":"wp","href":"https:\/\/api.w.org\/{rel}","templated":true}]}}