{"id":112,"date":"2023-05-17T08:07:27","date_gmt":"2023-05-17T08:07:27","guid":{"rendered":"https:\/\/sv-zeutern.dtspace.de\/wordpress\/?page_id=112"},"modified":"2023-10-16T15:53:00","modified_gmt":"2023-10-16T14:53:00","slug":"events","status":"publish","type":"page","link":"https:\/\/sv-zeutern.de\/wordpress\/index.php\/events\/","title":{"rendered":"Events"},"content":{"rendered":"\n<p>Ein \u00dcberblick \u00fcber alles Events &#8211; anstehende und R\u00fcckblicke<\/p>\n\n\n<div id='Events' class='widgets_on_page wop_tiny1  wop_small1  wop_medium1  wop_large1  wop_wide1'>\n\t\t\t<ul><li id=\"em_widget-5\" class=\"widget widget_em_widget\"><h2 class=\"widgettitle\">Zuk\u00fcnftige Veranstaltungen<\/h2><div class=\"em pixelbones em-list-widget em-events-widget\"><ul><li class=\"no-events\"><div class=\"em-list-no-items\">Keine Veranstaltungen<\/div><\/li><\/ul><\/div><\/li><\/ul><\/div><!-- widgets_on_page -->\n\n\n<div id='Events_vergangen' class='widgets_on_page wop_tiny1  wop_small1  wop_medium1  wop_large1  wop_wide1'>\n\t\t\t<ul><li id=\"em_widget-6\" class=\"widget widget_em_widget\"><h2 class=\"widgettitle\">vergangene Veranstaltungen<\/h2><div class=\"em pixelbones em-list-widget em-events-widget\"><ul><li><div class=\"em-item em-event\" style=\"--default-border:#a8d144;\">\r\n\t<div class=\"em-item-image has-placeholder\" style=\"max-width:120px\">\r\n\t\t\r\n\t\t\r\n\t\t<div class=\"em-item-image-placeholder\">\r\n\t\t\t<div class=\"date\">\r\n\t\t\t\t<span class=\"day\">24<\/span>\r\n\t\t\t\t<span class=\"month\">Jun<\/span>\r\n\t\t\t<\/div>\r\n\t\t<\/div>\r\n\t\t\r\n\t<\/div>\r\n\t<div class=\"em-item-info\">\r\n\t\t<div class=\"em-item-name\"><a href=\"https:\/\/sv-zeutern.de\/wordpress\/index.php\/events\/coverband-fate-beim-sv-zeutern\/\">Coverband FATE beim SV Zeutern<\/a><\/div>\r\n\t\t<div class=\"em-item-meta\">\r\n\t\t\t<div class=\"em-item-meta-line em-event-date em-event-meta-datetime\">\r\n\t\t\t\t<span class=\"em-icon em-icon-calendar\"><\/span>\r\n\t\t\t\t<span>24 Jun 23<\/span>\r\n\t\t\t<\/div>\r\n\t\t\t<div class=\"em-item-meta-line em-event-location em-event-meta-location\">\r\n\t\t\t\t<span class=\"em-icon em-icon-location\"><\/span>\r\n\t\t\t\t<span>Ubstadt-Weiher<\/span>\r\n\t\t\t<\/div>\r\n\t\t<\/div>\r\n\t<\/div>\r\n<\/div><\/li><li><div class=\"em-item em-event\" style=\"--default-border:#a8d144;\">\r\n\t<div class=\"em-item-image has-placeholder\" style=\"max-width:120px\">\r\n\t\t\r\n\t\t\r\n\t\t<div class=\"em-item-image-placeholder\">\r\n\t\t\t<div class=\"date\">\r\n\t\t\t\t<span class=\"day\">16<\/span>\r\n\t\t\t\t<span class=\"month\">Dez<\/span>\r\n\t\t\t<\/div>\r\n\t\t<\/div>\r\n\t\t\r\n\t<\/div>\r\n\t<div class=\"em-item-info\">\r\n\t\t<div class=\"em-item-name\"><a href=\"https:\/\/sv-zeutern.de\/wordpress\/index.php\/events\/weihnachtsbaumverkauf\/\">Weihnachtsbaumverkauf<\/a><\/div>\r\n\t\t<div class=\"em-item-meta\">\r\n\t\t\t<div class=\"em-item-meta-line em-event-date em-event-meta-datetime\">\r\n\t\t\t\t<span class=\"em-icon em-icon-calendar\"><\/span>\r\n\t\t\t\t<span>16 Dez 23<\/span>\r\n\t\t\t<\/div>\r\n\t\t\t<div class=\"em-item-meta-line em-event-location em-event-meta-location\">\r\n\t\t\t\t<span class=\"em-icon em-icon-location\"><\/span>\r\n\t\t\t\t<span>Ubstadt-Weiher<\/span>\r\n\t\t\t<\/div>\r\n\t\t<\/div>\r\n\t<\/div>\r\n<\/div><\/li><li><div class=\"em-item em-event\" style=\"--default-border:#a8d144;\">\r\n\t<div class=\"em-item-image has-placeholder\" style=\"max-width:120px\">\r\n\t\t\r\n\t\t\r\n\t\t<div class=\"em-item-image-placeholder\">\r\n\t\t\t<div class=\"date\">\r\n\t\t\t\t<span class=\"day\">20<\/span>\r\n\t\t\t\t<span class=\"month\">Jan<\/span>\r\n\t\t\t<\/div>\r\n\t\t<\/div>\r\n\t\t\r\n\t<\/div>\r\n\t<div class=\"em-item-info\">\r\n\t\t<div class=\"em-item-name\"><a href=\"https:\/\/sv-zeutern.de\/wordpress\/index.php\/events\/dart-turnier-2024\/\">Dart Turnier 2024<\/a><\/div>\r\n\t\t<div class=\"em-item-meta\">\r\n\t\t\t<div class=\"em-item-meta-line em-event-date em-event-meta-datetime\">\r\n\t\t\t\t<span class=\"em-icon em-icon-calendar\"><\/span>\r\n\t\t\t\t<span>20 Jan 24<\/span>\r\n\t\t\t<\/div>\r\n\t\t\t<div class=\"em-item-meta-line em-event-location em-event-meta-location\">\r\n\t\t\t\t<span class=\"em-icon em-icon-location\"><\/span>\r\n\t\t\t\t<span><\/span>\r\n\t\t\t<\/div>\r\n\t\t<\/div>\r\n\t<\/div>\r\n<\/div><\/li><li><div class=\"em-item em-event\" style=\"--default-border:#a8d144;\">\r\n\t<div class=\"em-item-image has-placeholder\" style=\"max-width:120px\">\r\n\t\t\r\n\t\t\r\n\t\t<div class=\"em-item-image-placeholder\">\r\n\t\t\t<div class=\"date\">\r\n\t\t\t\t<span class=\"day\">12<\/span>\r\n\t\t\t\t<span class=\"month\">Feb<\/span>\r\n\t\t\t<\/div>\r\n\t\t<\/div>\r\n\t\t\r\n\t<\/div>\r\n\t<div class=\"em-item-info\">\r\n\t\t<div class=\"em-item-name\"><a href=\"https:\/\/sv-zeutern.de\/wordpress\/index.php\/events\/daemmerungsumzug\/\">D\u00e4mmerungsumzug<\/a><\/div>\r\n\t\t<div class=\"em-item-meta\">\r\n\t\t\t<div class=\"em-item-meta-line em-event-date em-event-meta-datetime\">\r\n\t\t\t\t<span class=\"em-icon em-icon-calendar\"><\/span>\r\n\t\t\t\t<span>12 Feb 24<\/span>\r\n\t\t\t<\/div>\r\n\t\t\t<div class=\"em-item-meta-line em-event-location em-event-meta-location\">\r\n\t\t\t\t<span class=\"em-icon em-icon-location\"><\/span>\r\n\t\t\t\t<span>Zeutern<\/span>\r\n\t\t\t<\/div>\r\n\t\t<\/div>\r\n\t<\/div>\r\n<\/div><\/li><li><div class=\"em-item em-event\" style=\"--default-border:#a8d144;\">\r\n\t<div class=\"em-item-image has-placeholder\" style=\"max-width:120px\">\r\n\t\t\r\n\t\t\r\n\t\t<div class=\"em-item-image-placeholder\">\r\n\t\t\t<div class=\"date\">\r\n\t\t\t\t<span class=\"day\">24<\/span>\r\n\t\t\t\t<span class=\"month\">Feb<\/span>\r\n\t\t\t<\/div>\r\n\t\t<\/div>\r\n\t\t\r\n\t<\/div>\r\n\t<div class=\"em-item-info\">\r\n\t\t<div class=\"em-item-name\"><a href=\"https:\/\/sv-zeutern.de\/wordpress\/index.php\/events\/hallenjugendturnier\/\">Hallenjugendturnier<\/a><\/div>\r\n\t\t<div class=\"em-item-meta\">\r\n\t\t\t<div class=\"em-item-meta-line em-event-date em-event-meta-datetime\">\r\n\t\t\t\t<span class=\"em-icon em-icon-calendar\"><\/span>\r\n\t\t\t\t<span>24 Feb 24<\/span>\r\n\t\t\t<\/div>\r\n\t\t\t<div class=\"em-item-meta-line em-event-location em-event-meta-location\">\r\n\t\t\t\t<span class=\"em-icon em-icon-location\"><\/span>\r\n\t\t\t\t<span>Ubstadt-Weiher<\/span>\r\n\t\t\t<\/div>\r\n\t\t<\/div>\r\n\t<\/div>\r\n<\/div><\/li><\/ul><\/div><\/li><\/ul><\/div><!-- widgets_on_page -->\n\n\n\n<h2 class=\"wp-block-heading\">Rund um unsere Events<\/h2>\n\n\n<ul class=\"wp-block-latest-posts__list wp-block-latest-posts\"><li><a class=\"wp-block-latest-posts__post-title\" href=\"https:\/\/sv-zeutern.de\/wordpress\/index.php\/2025\/12\/10\/liebe-sv-freunde-gaeste-liebe-helferinnen-und-helfer-liebe-unterstuetzer\/\">Liebe SV-Freunde, G\u00e4ste, liebe Helferinnen und Helfer, liebe Unterst\u00fctzer,<\/a><div class=\"wp-block-latest-posts__post-excerpt\">das Z\u00e4hlen ist abgeschlossen und wir k\u00f6nnen stolz verk\u00fcnden: Wir haben die Marke von 40.000 Euro geknackt! Unser aufrichtiger Dank gilt: Unsere Mission Die 40.000 Euro gehen zu gleichen Teilen an: Gemeinsam Gro\u00dfes bewegt Ihr seid\/Sie sind alle Helden unserer Gesellschaft!&nbsp; Herzlichen Dank f\u00fcr dieses starke Zeichen des Zusammenhalts!<\/div><\/li>\n<li><a class=\"wp-block-latest-posts__post-title\" href=\"https:\/\/sv-zeutern.de\/wordpress\/index.php\/2025\/12\/10\/der-sv-zeutern-sucht-kreative-koepfe-und-gestaltungstalente\/\">Der SV Zeutern sucht kreative K\u00f6pfe und Gestaltungstalente!<\/a><div class=\"wp-block-latest-posts__post-excerpt\">Unser Brunnenhaus hat so viel Potenzial \u2013 und wir m\u00f6chten es gemeinsam mit euch zu einem Ort machen, an dem wir uns alle richtig wohlf\u00fchlen. Ein Platz f\u00fcr Feiern und gem\u00fctliches Beisammensein, der nicht nur funktional ist, sondern auch Atmosph\u00e4re hat und zum Verweilen einl\u00e4dt. Was wir suchen: Menschen mit Ideen! Egal ob du ein &hellip; <\/div><\/li>\n<li><a class=\"wp-block-latest-posts__post-title\" href=\"https:\/\/sv-zeutern.de\/wordpress\/index.php\/2025\/08\/24\/ablauf-scharinger-friends-und-middleplatzkonzert-am-30-08\/\">Ablauf Scharinger &amp; Friends und Middleplatzkonzert am 30.08.<\/a><div class=\"wp-block-latest-posts__post-excerpt\">Spendenzweck: Hinterbliebenen des Strassbahnungl\u00fccks in Zeutern und der Sozialp\u00e4dagogischen Wohngemeinschaften in Bruchsal Moderation: &nbsp;&nbsp;&nbsp;&nbsp;&nbsp;&nbsp;&nbsp;&nbsp;&nbsp;&nbsp;&nbsp;&nbsp;&nbsp;&nbsp;&nbsp;&nbsp; Marco Schall; Tobias Ruppenthal&nbsp;&nbsp;&nbsp;&nbsp;&nbsp;&nbsp;&nbsp;&nbsp; 15.00 Uhr&nbsp;&nbsp;&nbsp;&nbsp;&nbsp;&nbsp;&nbsp;&nbsp;&nbsp;&nbsp;&nbsp;&nbsp;&nbsp;&nbsp;&nbsp;&nbsp;&nbsp;&nbsp;&nbsp;&nbsp;&nbsp;&nbsp;&nbsp; Bambini Turnier; Er\u00f6ffnung Kinderveranstaltung mit H\u00fcpfburg, Tombola etc. Ab 18:00 Uhr&nbsp;&nbsp;&nbsp;&nbsp;&nbsp;&nbsp;&nbsp;&nbsp;&nbsp;&nbsp;&nbsp;&nbsp;&nbsp;&nbsp;&nbsp;&nbsp;&nbsp; Sch\u00fctzenverein Zeutern mit B\u00f6llerschussen zur Er\u00f6ffnung des Benefizevents 18.10 Uhr&nbsp;&nbsp;&nbsp;&nbsp;&nbsp;&nbsp;&nbsp;&nbsp;&nbsp;&nbsp;&nbsp;&nbsp;&nbsp;&nbsp;&nbsp;&nbsp;&nbsp;&nbsp;&nbsp;&nbsp;&nbsp;&nbsp;&nbsp; Mannschaften laufen mit Bambini Kids ein und stellen sich auf &nbsp;&nbsp;&nbsp;&nbsp;&nbsp;&nbsp;&nbsp;&nbsp;&nbsp;&nbsp;&nbsp;&nbsp;&nbsp;&nbsp;&nbsp;&nbsp;&nbsp;&nbsp;&nbsp;&nbsp;&nbsp;&nbsp;&nbsp;&nbsp;&nbsp;&nbsp;&nbsp;&nbsp;&nbsp;&nbsp;&nbsp;&nbsp;&nbsp;&nbsp;&nbsp;&nbsp;&nbsp;&nbsp;&nbsp;&nbsp;&nbsp; Rede 1. Vorsitzender &hellip; <\/div><\/li>\n<\/ul>","protected":false},"excerpt":{"rendered":"<p>Ein \u00dcberblick \u00fcber alles Events &#8211; anstehende und R\u00fcckblicke Rund um unsere Events<\/p>\n","protected":false},"author":1,"featured_media":0,"parent":0,"menu_order":0,"comment_status":"closed","ping_status":"closed","template":"","meta":{"footnotes":""},"class_list":["post-112","page","type-page","status-publish","hentry"],"_links":{"self":[{"href":"https:\/\/sv-zeutern.de\/wordpress\/index.php\/wp-json\/wp\/v2\/pages\/112"}],"collection":[{"href":"https:\/\/sv-zeutern.de\/wordpress\/index.php\/wp-json\/wp\/v2\/pages"}],"about":[{"href":"https:\/\/sv-zeutern.de\/wordpress\/index.php\/wp-json\/wp\/v2\/types\/page"}],"author":[{"embeddable":true,"href":"https:\/\/sv-zeutern.de\/wordpress\/index.php\/wp-json\/wp\/v2\/users\/1"}],"replies":[{"embeddable":true,"href":"https:\/\/sv-zeutern.de\/wordpress\/index.php\/wp-json\/wp\/v2\/comments?post=112"}],"version-history":[{"count":25,"href":"https:\/\/sv-zeutern.de\/wordpress\/index.php\/wp-json\/wp\/v2\/pages\/112\/revisions"}],"predecessor-version":[{"id":480,"href":"https:\/\/sv-zeutern.de\/wordpress\/index.php\/wp-json\/wp\/v2\/pages\/112\/revisions\/480"}],"wp:attachment":[{"href":"https:\/\/sv-zeutern.de\/wordpress\/index.php\/wp-json\/wp\/v2\/media?parent=112"}],"curies":[{"name":"wp","href":"https:\/\/api.w.org\/{rel}","templated":true}]}}