{"id":14,"date":"2023-05-16T19:45:22","date_gmt":"2023-05-16T19:45:22","guid":{"rendered":"https:\/\/sv-zeutern.dtspace.de\/wordpress\/?page_id=14"},"modified":"2024-01-08T06:57:12","modified_gmt":"2024-01-08T05:57:12","slug":"mitgliedschaft","status":"publish","type":"page","link":"https:\/\/sv-zeutern.de\/wordpress\/index.php\/mitgliedschaft\/","title":{"rendered":"Mitgliedschaft"},"content":{"rendered":"\n<h1 class=\"wp-block-heading\">Werden Sie Mitglied in einer tollen Gemeinschaft<\/h1>\n\n\n\n<p>Beim SV Zeutern wird schon \u00fcber 100 Jahre Fu\u00dfball gespielt. Wir engagieren uns f\u00fcr den sportlichen Erfolg, aber auch f\u00fcr den Spa\u00df an der Bewegung.<\/p>\n\n\n\n<p>Unsere Herren- und Damenmannschaften stehen allen Erwachsenen offen.<\/p>\n\n\n\n<p>Kinder und Jugendliche werden in unseren M\u00e4dchen- und Jungenmannschaften qualifiziert gef\u00f6rdert.<\/p>\n\n\n\n<p>Und um den Fu\u00dfball herum gestalten alle Mitglieder gemeinsam zahlreiche Feste und weitere Aktivit\u00e4ten.<\/p>\n\n\n\n<h3 class=\"wp-block-heading\">Beitrag<\/h3>\n\n\n\n<figure class=\"wp-block-table\"><table><tbody><tr><td><strong>Beschreibung<\/strong><\/td><td><strong>Beitrag<\/strong> <strong>pro Jahr<\/strong><\/td><\/tr><tr><td>Erwachsener<\/td><td>75,00 \u20ac<\/td><\/tr><tr><td>Aktive plus<\/td><td>10,00 \u20ac<\/td><\/tr><tr><td>AH plus<\/td><td>20,00 \u20ac<\/td><\/tr><tr><td>1. Kind<\/td><td>70,00 \u20ac<\/td><\/tr><tr><td>2. Kind<\/td><td>50,00 \u20ac<\/td><\/tr><tr><td>Familienbeitrag<\/td><td>155,00 \u20ac<\/td><\/tr><tr><td>JSG Zuschlag Jugend<\/td><td>20,00 \u20ac<\/td><\/tr><\/tbody><\/table><\/figure>\n\n\n\n<p> <\/p>\n\n\n\n<p><a href=\"https:\/\/sv-zeutern.de\/wordpress\/wp-content\/uploads\/2024\/01\/Beitrittserklaerung-11-2020.pdf\" target=\"_blank\" rel=\"noreferrer noopener\">Jetzt gleich den Mitgliedsantrag ausf\u00fcllen!<\/a><\/p>\n\n\n\n<p><\/p>\n\n\n\n<p><a href=\"https:\/\/sv-zeutern.de\/wordpress\/wp-content\/uploads\/2023\/05\/Einwilligungserklaerung-des-SV-Zeutern.pdf\" target=\"_blank\" rel=\"noreferrer noopener\">Einwilligungserkl\u00e4rung und Datenschutz<\/a><\/p>\n\n\n\n<p><\/p>\n\n\n\n<p><a href=\"https:\/\/sv-zeutern.dtspace.de\/wordpress\/wp-content\/uploads\/2023\/05\/Satzung_des_SV_Zeutern_2.0.pdf\" data-type=\"attachment\" data-id=\"193\" target=\"_blank\" rel=\"noreferrer noopener\">Satzung<\/a><\/p>\n\n\n\n<h1 class=\"wp-block-heading\">Mitmachm\u00f6glichkeiten<\/h1>\n\n\n\n<p>Es gibt viele M\u00f6glichkeiten sich beim SV Zeutern zu engagieren.<\/p>\n\n\n\n<p>Im sportlichen Bereich freuen wir uns immer \u00fcber Trainerinnen und Trainer.<br>Immer mehr Kinder und Jugendliche wollen bei uns Fu\u00dfball spielen. \u00dcber Verst\u00e4rkung freut sich unser Trainerteam.<\/p>\n\n\n\n<p>Bei Organisation und Verwaltung sind Interessierte herzlich willkommen.<br>Unser Sponsorenteam freut sich \u00fcber Unterst\u00fctzung.<\/p>\n\n\n\n<p>Ebenso suchen wir Ehrenamtliche f\u00fcr die Festkoordination und die Mitgliederverwaltung.<\/p>\n\n\n\n<h1 class=\"wp-block-heading\">Kontakt<\/h1>\n\n\n\n<p>Bei Fragen und Interesse k\u00f6nnen Sie sich jederzeit an unsere <a href=\"https:\/\/sv-zeutern.dtspace.de\/wordpress\/index.php\/vorstandschaft\/\" data-type=\"page\" data-id=\"13\">Ansprechpartner<\/a> wenden.<\/p>\n\n\n\n<p><\/p>\n","protected":false},"excerpt":{"rendered":"<p>Werden Sie Mitglied in einer tollen Gemeinschaft Beim SV Zeutern wird schon \u00fcber 100 Jahre Fu\u00dfball gespielt. Wir engagieren uns f\u00fcr den sportlichen Erfolg, aber auch f\u00fcr den Spa\u00df an der Bewegung. Unsere Herren- und Damenmannschaften stehen allen Erwachsenen offen. Kinder und Jugendliche werden in unseren M\u00e4dchen- und Jungenmannschaften qualifiziert gef\u00f6rdert. Und um den Fu\u00dfball &hellip; <\/p>\n","protected":false},"author":1,"featured_media":0,"parent":0,"menu_order":0,"comment_status":"closed","ping_status":"closed","template":"","meta":{"footnotes":""},"class_list":["post-14","page","type-page","status-publish","hentry"],"_links":{"self":[{"href":"https:\/\/sv-zeutern.de\/wordpress\/index.php\/wp-json\/wp\/v2\/pages\/14"}],"collection":[{"href":"https:\/\/sv-zeutern.de\/wordpress\/index.php\/wp-json\/wp\/v2\/pages"}],"about":[{"href":"https:\/\/sv-zeutern.de\/wordpress\/index.php\/wp-json\/wp\/v2\/types\/page"}],"author":[{"embeddable":true,"href":"https:\/\/sv-zeutern.de\/wordpress\/index.php\/wp-json\/wp\/v2\/users\/1"}],"replies":[{"embeddable":true,"href":"https:\/\/sv-zeutern.de\/wordpress\/index.php\/wp-json\/wp\/v2\/comments?post=14"}],"version-history":[{"count":16,"href":"https:\/\/sv-zeutern.de\/wordpress\/index.php\/wp-json\/wp\/v2\/pages\/14\/revisions"}],"predecessor-version":[{"id":744,"href":"https:\/\/sv-zeutern.de\/wordpress\/index.php\/wp-json\/wp\/v2\/pages\/14\/revisions\/744"}],"wp:attachment":[{"href":"https:\/\/sv-zeutern.de\/wordpress\/index.php\/wp-json\/wp\/v2\/media?parent=14"}],"curies":[{"name":"wp","href":"https:\/\/api.w.org\/{rel}","templated":true}]}}