{"id":20,"date":"2023-05-16T19:45:22","date_gmt":"2023-05-16T19:45:22","guid":{"rendered":"https:\/\/sv-zeutern.dtspace.de\/wordpress\/?page_id=20"},"modified":"2024-11-12T17:50:42","modified_gmt":"2024-11-12T16:50:42","slug":"f-jugend","status":"publish","type":"page","link":"https:\/\/sv-zeutern.de\/wordpress\/index.php\/f-jugend\/","title":{"rendered":"F-Jugend"},"content":{"rendered":"\n<p>hinten von links nach rechts:<br>Marlon Moch (Trainer), Bernhard Salamon (Trainer), Jakob S., Mateo G, Moritz H., Salvatore G., Max K., Ion H., Hannah S., Thomas Stricker (Trainer), Cornelia Giorgi (Trainerin)<br><br>Mitte von links nach rechts:<br>Lio F., Leon E., Maxim H., Lennard Z., Hannes K., Paul S., Levin K., Ben R., Jonathan B., Rafael T.<br><br>vorne von links nach rechts:<br>Max B., Benjamin H., Linus W., Erik S., Fabio S., Jona K., Gabriel W., Hendrik L., Niklas S., Theodor K.<\/p>\n\n\n<ul class=\"wp-block-latest-posts__list wp-block-latest-posts\"><li><div class=\"wp-block-latest-posts__featured-image alignright\"><img loading=\"lazy\" decoding=\"async\" width=\"150\" height=\"150\" src=\"https:\/\/sv-zeutern.de\/wordpress\/wp-content\/uploads\/2023\/11\/F-JugendZeuternOdenheim-150x150.jpg\" class=\"attachment-thumbnail size-thumbnail wp-post-image\" alt=\"\" style=\"\" \/><\/div><a class=\"wp-block-latest-posts__post-title\" href=\"https:\/\/sv-zeutern.de\/wordpress\/index.php\/2023\/10\/22\/einlaufkinder-beim-derby\/\">Einlaufkinder beim Derby<\/a><div class=\"wp-block-latest-posts__post-excerpt\">Ein besonderes Erlebnis hatten die F-Jugend Kids des FC Odenheim und des SV Zeutern beim Derby der 1. Mannschaft. Sie durften zusammen mit den Spielern einlaufen, haben dann die Mannschaften ordentlich angefeuert und f\u00fchrten dann ein Freundschaftsspiel in der Halbzeitpause durch. Es war eine tolle Atmosph\u00e4re und allen hat es Spa\u00df gemacht. Zum Schluss gab &hellip; <\/div><\/li>\n<\/ul>","protected":false},"excerpt":{"rendered":"<p>hinten von links nach rechts:Marlon Moch (Trainer), Bernhard Salamon (Trainer), Jakob S., Mateo G, Moritz H., Salvatore G., Max K., Ion H., Hannah S., Thomas Stricker (Trainer), Cornelia Giorgi (Trainerin) Mitte von links nach rechts:Lio F., Leon E., Maxim H., Lennard Z., Hannes K., Paul S., Levin K., Ben R., Jonathan B., Rafael T. vorne &hellip; <\/p>\n","protected":false},"author":1,"featured_media":829,"parent":0,"menu_order":0,"comment_status":"closed","ping_status":"closed","template":"","meta":{"footnotes":""},"class_list":["post-20","page","type-page","status-publish","has-post-thumbnail","hentry"],"_links":{"self":[{"href":"https:\/\/sv-zeutern.de\/wordpress\/index.php\/wp-json\/wp\/v2\/pages\/20"}],"collection":[{"href":"https:\/\/sv-zeutern.de\/wordpress\/index.php\/wp-json\/wp\/v2\/pages"}],"about":[{"href":"https:\/\/sv-zeutern.de\/wordpress\/index.php\/wp-json\/wp\/v2\/types\/page"}],"author":[{"embeddable":true,"href":"https:\/\/sv-zeutern.de\/wordpress\/index.php\/wp-json\/wp\/v2\/users\/1"}],"replies":[{"embeddable":true,"href":"https:\/\/sv-zeutern.de\/wordpress\/index.php\/wp-json\/wp\/v2\/comments?post=20"}],"version-history":[{"count":9,"href":"https:\/\/sv-zeutern.de\/wordpress\/index.php\/wp-json\/wp\/v2\/pages\/20\/revisions"}],"predecessor-version":[{"id":831,"href":"https:\/\/sv-zeutern.de\/wordpress\/index.php\/wp-json\/wp\/v2\/pages\/20\/revisions\/831"}],"wp:featuredmedia":[{"embeddable":true,"href":"https:\/\/sv-zeutern.de\/wordpress\/index.php\/wp-json\/wp\/v2\/media\/829"}],"wp:attachment":[{"href":"https:\/\/sv-zeutern.de\/wordpress\/index.php\/wp-json\/wp\/v2\/media?parent=20"}],"curies":[{"name":"wp","href":"https:\/\/api.w.org\/{rel}","templated":true}]}}

<p>hinten von links nach rechts:<br>Marlon Moch (Trainer), Bernhard Salamon (Trainer), Jakob S., Mateo G, Moritz H., Salvatore G., Max K., Ion H., Hannah S., Thomas Stricker (Trainer), Cornelia Giorgi (Trainerin)<br><br>Mitte von links nach rechts:<br>Lio F., Leon E., Maxim H., Lennard Z., Hannes K., Paul S., Levin K., Ben R., Jonathan B., Rafael T.<br><br>vorne von links nach rechts:<br>Max B., Benjamin H., Linus W., Erik S., Fabio S., Jona K., Gabriel W., Hendrik L., Niklas S., Theodor K.</p>


<ul class="wp-block-latest-posts__list wp-block-latest-posts"><li><div class="wp-block-latest-posts__featured-image alignright"><img loading="lazy" decoding="async" width="150" height="150" src="https://sv-zeutern.de/wordpress/wp-content/uploads/2023/11/F-JugendZeuternOdenheim-150x150.jpg" class="attachment-thumbnail size-thumbnail wp-post-image" alt="" style="" /></div><a class="wp-block-latest-posts__post-title" href="https://sv-zeutern.de/wordpress/index.php/2023/10/22/einlaufkinder-beim-derby/">Einlaufkinder beim Derby</a><div class="wp-block-latest-posts__post-excerpt">Ein besonderes Erlebnis hatten die F-Jugend Kids des FC Odenheim und des SV Zeutern beim Derby der 1. Mannschaft. Sie durften zusammen mit den Spielern einlaufen, haben dann die Mannschaften ordentlich angefeuert und führten dann ein Freundschaftsspiel in der Halbzeitpause durch. Es war eine tolle Atmosphäre und allen hat es Spaß gemacht. Zum Schluss gab &hellip; </div></li>
</ul>
